f(k) = k + 28. Does 13 divide f(w)?
True
Let l = 713 + -137. Is 23 a factor of l?
False
Suppose -4*b = -3*t - b + 1140, -5*b = 3*t - 1180. Is t a multiple of 6?
False
Let y(s) = s**2 - s + 493. Does 20 divide y(0)?
False
Let w = -54 - -57. Does 28 divide (141 - -6*(-2)/3) + w?
True
Suppose 0 = 20*s - 4 - 36. Suppose 5*d + 2360 - 290 = 0. Does 10 divide (s + 0)*d/(-36)?
False
Let s(d) = d**2 - 12*d + 17. Let u be s(8). Is u/(-25) - (-12)/5 a multiple of 3?
True
Let c(u) = -u**3 - 4*u**2 + 5*u + 5. Let i = 6 - 11. Let m be c(i). Suppose m - 50 = -3*l. Does 5 divide l?
True
Let u(t) = 21*t**2 + 5*t - 13. Let m be u(3). Let f be (-10)/(-2) + 0/(-2). Suppose 3*s - m = -5*v, 0 = f*s + 3*v - 391 + 46. Is 24 a factor of s?
True
Let n(s) = -s**2 + 8*s - 10. Let v be n(6). Suppose -1 = -v*i + 1. Let h = i + 43. Is 11 a factor of h?
True
Suppose -2*y + 8 = -2*j, 6*y - 12 = 4*y - 2*j. Let n(d) = d**2 - 5. Is n(y) a multiple of 5?
True
Let g be (-26)/(-8) + (-3)/12. Suppose -8*n + 3*n + 19 = -g*x, -2*x + 24 = 4*n. Suppose 0 = 5*z - x*z - 138. Does 22 divide z?
False
Suppose -3*m = -5 - 4. Suppose 0*c - 4*c + 46 = -m*x, -6 = -3*x. Does 7 divide c?
False
Let w be ((-39)/26)/(18/60). Let u(j) = -30*j**2. Let l be u(-1). Is (-179)/w - 6/l a multiple of 9?
True
Let i = 0 + 8. Let j = 1 - -4. Suppose j*z = 53 - i. Is 9 a factor of z?
True
Suppose -10 - 116 = -6*n. Is n a multiple of 7?
True
Let w = 0 + 2. Let q be 0 + w*(3 + -1). Suppose -23 = -v + 4*m, 4*v + 9*m = q*m + 29. Does 2 divide v?
False
Let n(f) = f + 12. Let v be n(-13). Let k be (22/(-55))/(v/400). Let z = k - 105. Does 11 divide z?
True
Suppose 117 = 9*y - 0*y. Let q = y + 26. Is q a multiple of 13?
True
Suppose 54*h + 63 = 55*h. Let d = h - 23. Is 8 a factor of d?
True
Let j = 65 + -17. Suppose n = 5*y + j, 12 - 40 = -n + y. Is 23 a factor of n?
True
Suppose 0 = 5*k - 8 - 12. Let i be (-11 + k/(-2))/1. Is 4/(-26) - 522/i a multiple of 20?
True
Let a(w) = -w**3 + 11*w**2 + 5. Let g be 3*22/(-6)*-1. Let r be a(g). Suppose 0 = 3*l - r*x - 169, 2*x + x = 3*l - 177. Is l a multiple of 17?
False
Let n = -45 + 254. Does 4 divide n?
False
Let v be 1*4 - (-24 - -5). Suppose v = 2*n - 13. Is n a multiple of 12?
False
Let k(f) be the third derivative of f**4/3 + 16*f**3/3 - 12*f**2. Does 10 divide k(11)?
True
Let y(n) = -7*n**3 - 3*n**2. Let i be y(-2). Suppose -31 = f - 35. Let p = i + f. Does 16 divide p?
True
Let w be (-86)/(-4)*(-6 - -4). Let p = 53 - w. Is 9 a factor of p?
False
Let x(b) = -b**2 + 11*b - 13. Let o be x(9). Suppose -2*l - o*l = -1015. Does 29 divide l?
True
Let d(u) = u**2 + 6*u - 10. Let y be d(4). Does 6 divide (4/5)/(2/y)?
True
Suppose -4*v + 135 + 61 = 0. Suppose -50 = 2*u - 4*u. Let k = v - u. Does 14 divide k?
False
Let v be 36/(-20)*20/(-6). Suppose v*j - 525 = j. Does 20 divide j?
False
Suppose 0 = 38*o - 36*o - 1632. Does 68 divide o?
True
Suppose -58 - 8 = -3*p - 5*a, 5*p - 110 = 5*a. Suppose -q = 4*j - 0*q - p, 4*j - 24 = -2*q. Let c(x) = -x**3 + 4*x**2 + 6*x + 2. Does 7 divide c(j)?
True
Let s = 7 - 7. Suppose s*d = -4*d. Suppose b - 49 = -d*b - 5*c, 4*b = 5*c + 96. Does 29 divide b?
True
Let i be 2/((4/(-13))/(-2)). Let o = i + -10. Let x(r) = 3*r**3 - r**2. Is x(o) a multiple of 12?
True
Let i = -22 - -26. Suppose i*p - 115 = l, 27 = 5*l + 2. Is 2 a factor of p?
True
Suppose -4*u = -4*h + 4 + 12, 4*h - 11 = 5*u. Suppose 1291 + 149 = h*p. Is p a multiple of 9?
False
Let a(l) be the first derivative of l**3 - 2*l**2 + 9*l - 7. Let b be a(7). Suppose -16 = -4*c + b. Is c a multiple of 12?
True
Suppose -4*z - c + 17 = 0, z - 7 + 2 = -c. Suppose -5*s + 11 = -z. Suppose -21 - 7 = -s*r + 5*q, 4*q - 22 = -5*r. Does 3 divide r?
True
Suppose 3*k + 165 = 3*n, 5*k + 193 + 22 = 4*n. Suppose -d - d - 10 = 0, y - n = -2*d. Does 14 divide y?
True
Suppose 2*k = 16 + 178. Let m = k - 60. Let b = m + -7. Is 10 a factor of b?
True
Is 4 a factor of (192/36)/((-2)/(-66))?
True
Suppose -3*o = -2*v - 452, -5*o - 7*v + 746 = -3*v. Is 15 a factor of o?
True
Let g be (-1)/3 + (-365)/(-15). Suppose -7*j + g = -3*j. Suppose j*h = -0*h + 216. Is 12 a factor of h?
True
Let n(i) = -5*i**3 + i**2 + i - 2. Let g(a) = 2*a**2 - 6*a + 2. Let f be g(2). Does 20 divide n(f)?
True
Let g(c) = -29*c - 5. Let i be g(-7). Suppose -5*u + i = h, 3*u = -3*h + 273 + 321. Is 16 a factor of h?
False
Let s(h) = h**2 + 4*h + 1. Let z = 11 + -12. Let r = 5 + z. Does 8 divide s(r)?
False
Let j(k) = 23*k. Let f be (-6)/(-2) + -3 + 2. Let b(l) = 92*l - 1. Let h(m) = f*b(m) - 9*j(m). Is h(-2) a multiple of 22?
True
Let q(d) be the first derivative of d**3/3 + 5*d**2/2 + 4*d - 7. Let t be q(-5). Does 6 divide t - (-3 - -4)*-2?
True
Suppose 105 = 5*w - q, 0*w + 2*w = 2*q + 50. Suppose -4*t + 0*n = 5*n - 15, -2*t + 5*n - 15 = 0. Suppose 5*f - 10*f + w = t. Is 2 a factor of f?
True
Suppose -x - 3*g + 58 = x, 2*x - 3*g - 82 = 0. Suppose 75 = i - x. Is i a multiple of 11?
True
Suppose 0 = -3*r - 2*a - 869, r + a = 124 - 413. Let s = -135 - r. Is 26 a factor of s?
True
Let f(d) be the second derivative of d**5/20 - d**4/6 - 5*d**3/6 - d**2/2 - 3*d. Let c be f(4). Let j = c - -83. Does 21 divide j?
False
Suppose -21 - 23 = -2*q. Let s = q - 21. Let d(j) = 52*j**3 + 2*j**2 + j - 1. Does 9 divide d(s)?
True
Let c(l) be the third derivative of 0 + 6*l**2 - 7/24*l**4 + 0*l**3 + 0*l. Is 11 a factor of c(-3)?
False
Suppose 0*h - 5*r = -4*h + 559, -h - 5*r + 121 = 0. Suppose -h = -4*d - 4*l, -2*l + 136 = -2*d + 6*d. Suppose 51 = 5*o - d. Does 17 divide o?
True
Suppose 3*z - 16 = -7. Suppose -j - 6 + 5 = 0, 2*j - 22 = z*u. Is 12 a factor of 8 + u - (0 - 36)?
True
Suppose -4*d = -64 + 12. Suppose 0*j - d*j + 520 = 0. Does 4 divide j?
True
Let a(y) = -y + 13. Let s be (-6 - 1)*(14 + -15). Let h be a(s). Suppose -2*g = -g - h. Is 4 a factor of g?
False
Let d = -199 + 338. Does 29 divide 2 + -3 + (d - -3)?
False
Let q(t) = 2*t**2 - 2 - 94*t + 99*t + 12. Is q(-4) a multiple of 11?
True
Suppose 0*c = 4*t + c - 14, -3*c = 5*t - 21. Let a be 3*(-1 + 26/t). Suppose a + 45 = 2*u. Does 17 divide u?
True
Let p = -307 - -326. Does 8 divide p?
False
Let m = 1201 + -350. Is 49 a factor of m?
False
Let n(u) = -3*u + 14. Does 8 divide n(-14)?
True
Let l be -3 + 4 - 3 - -302. Suppose -k + l = 3*k. Is 15 a factor of k?
True
Let f(c) = c - 6. Let i be f(4). Let l(b) = -15*b - 2. Is 28 a factor of l(i)?
True
Let a = 1503 + 622. Is 25 a factor of a?
True
Does 5 divide (-9*(-9)/(-108))/(1/(-240))?
True
Let k be (-13 - 8/(-4)) + -4. Let d(q) = -q - 15. Let y be d(k). Suppose 21 = p - y*p. Is 12 a factor of p?
False
Let o = 38 + -72. Let z = o - -56. Suppose -b = -6 - z. Does 7 divide b?
True
Let h(i) = i**3 + 16*i**2 - 2*i + 13. Is 52 a factor of h(-7)?
True
Suppose w - 29 = -w - 5*r, 0 = -5*w - r + 38. Suppose w*y = 3*y + 216. Is y a multiple of 9?
True
Let t(p) be the second derivative of p**3/6 + 8*p**2 - 6*p. Let d be t(-12). Is 5 a factor of (-1)/(-4) + 39/d?
True
Suppose 4002 = 17*d - 3325. Is d a multiple of 12?
False
Suppose -5*q = 15*q - 11620. Is 7 a factor of q?
True
Let z(i) = 3*i - 8. Let h = 17 + -12. Suppose h*p - 5 = 15. Does 3 divide z(p)?
False
Let y(h) be the second derivative of 43*h**3/6 + 5*h**2/2 - 3*h. Let j be y(3). Let i = -77 + j. Does 23 divide i?
False
Let m = -2718 + 6588. Does 90 divide m?
True
Let o = -638 - -968. Is o a multiple of 10?
True
Suppose -81*i + 2349 + 2835 = 0. Is i a multiple of 4?
True
Let o(f) = f**3 - 9*f**2 - 10*f + 3. Let k be o(10). Suppose -k*z - 6 = 12. Let p(s) = -6*s + 8. Does 22 divide p(z)?
True
Let m(n) = -2*n**2 - 3*n + 24. Let b be m(4). Let h = b + 44. Is 11 a factor of h?
False
Let y(f) = -1330*f + 4. Let v be y(-2). Suppose 81 = 9*s - v. Does 14 divide s?
False
Let n = 23 - 20. Suppose 2*w = 4, -n*r + 2 - 12 = -5*w. Suppose -347 = -4*t - 5*b, r = -0*b + 5*b + 25. Does 31 divide t?
True
Suppose 10*n = 1315 + 365. Is n a multiple of 7?
True
Let z = 13 - 10. Suppose -5*f - 23 = -2*k, 5*f + 43 - 6 = z*k. Let w = -8 + k. Is 2 a factor of w?
True
Let u be -57*1/(-3)*3. Suppose 6*z - 117 = u. Does 29 divide z?
True
Suppose -2*d + g + 10 = -6*d, 0 = d + 5*g + 12. Is (1 + -2)/(d/298) a multiple of 26?
False
Let k(f) = -383*f - 101. Is 53 a factor of k(-4)?
True
Suppose -y + 42 + 490 = -3*a, 4*y + 3*a - 2143 = 